e factors of 8364?
2, 3, 17, 41
What are the prime factors of 12497?
12497
What are the prime factors of 69166?
2, 34583
List the prime factors of 992.
2, 31
What are the prime factors of 11143?
11, 1013
List the prime factors of 7381.
11, 61
List the prime factors of 8528.
2, 13, 41
What are the prime factors of 40764?
2, 3, 43, 79
What are the prime factors of 2097?
3, 233
List the prime factors of 546.
2, 3, 7, 13
What are the prime factors of 78730?
2, 5, 7873
List the prime factors of 2260.
2, 5, 113
What are the prime factors of 8154?
2, 3, 151
List the prime factors of 28030.
2, 5, 2803
What are the prime factors of 324?
2, 3
List the prime factors of 102069.
3, 11, 1031
What are the prime factors of 8307?
3, 13, 71
What are the prime factors of 94024?
2, 7, 23, 73
List the prime factors of 1162.
2, 7, 83
List the prime factors of 34.
2, 17
What are the prime factors of 8180?
2, 5, 409
List the prime factors of 3828.
2, 3, 11, 29
List the prime factors of 3359.
3359
List the prime factors of 4172.
2, 7, 149
What are the prime factors of 7785?
3, 5, 173
List the prime factors of 1961.
37, 53
List the prime factors of 22036.
2, 7, 787
List the prime factors of 2516.
2, 17, 37
What are the prime factors of 4931?
4931
What are the prime factors of 2956?
2, 739
List the prime factors of 260.
2, 5, 13
What are the prime factors of 1133?
11, 103
List the prime factors of 54919.
54919
List the prime factors of 955.
5, 191
List the prime factors of 33200.
2, 5, 83
What are the prime factors of 2918?
2, 1459
What are the prime factors of 190?
2, 5, 19
List the prime factors of 2174.
2, 1087
What are the prime factors of 2720?
2, 5, 17
What are the prime factors of 4354?
2, 7, 311
List the prime factors of 1755.
3, 5, 13
What are the prime factors of 3436?
2, 859
List the prime factors of 541.
541
List the prime factors of 2287.
2287
List the prime factors of 21822.
2, 3, 3637
What are the prime factors of 350?
2, 5, 7
What are the prime factors of 63245?
5, 7, 13, 139
What are the prime factors of 103573?
103573
What are the prime factors of 19865?
5, 29, 137
List the prime factors of 2568.
2, 3, 107
List the prime factors of 21176.
2, 2647
What are the prime factors of 3300?
2, 3, 5, 11
What are the prime factors of 4002?
2, 3, 23, 29
What are the prime factors of 2009?
7, 41
List the prime factors of 21690.
2, 3, 5, 241
List the prime factors of 1385.
5, 277
List the prime factors of 27301.
23, 1187
List the prime factors of 73508.
2, 17, 23, 47
List the prime factors of 541.
541
What are the prime factors of 1019?
1019
List the prime factors of 3551.
53, 67
List the prime factors of 331.
331
List the prime factors of 1217.
1217
What are the prime factors of 18533?
43, 431
What are the prime factors of 21384?
2, 3, 11
What are the prime factors of 8251?
37, 223
What are the prime factors of 7742?
2, 7, 79
List the prime factors of 1115.
5, 223
What are the prime factors of 9223?
23, 401
What are the prime factors of 18730?
2, 5, 1873
List the prime factors of 7327.
17, 431
List the prime factors of 1925.
5, 7, 11
What are the prime factors of 20072?
2, 13, 193
What are the prime factors of 185?
5, 37
What are the prime factors of 49972?
2, 13, 31
What are the prime factors of 18671?
18671
List the prime factors of 20586.
2, 3, 47, 73
What are the prime factors of 726?
2, 3, 11
List the prime factors of 3949.
11, 359
What are the prime factors of 15?
3, 5
List the prime factors of 4868.
2, 1217
What are the prime factors of 1405?
5, 281
What are the prime factors of 1319?
1319
What are the prime factors of 41899?
11, 13, 293
List the prime factors of 148965.
3, 5, 9931
List the prime factors of 12991.
11, 1181
List the prime factors of 11999.
13, 71
List the prime factors of 133970.
2, 5, 13397
What are the prime factors of 10398?
2, 3, 1733
What are the prime factors of 37347?
3, 59, 211
What are the prime factors of 705?
3, 5, 47
List the prime factors of 12852.
2, 3, 7, 17
What are the prime factors of 1133?
11, 103
What are the prime factors of 133628?
2, 11, 3037
List the prime factors of 83705.
5, 16741
List the prime factors of 1323.
3, 7
What are the prime factors of 1106?
2, 7, 79
List the prime factors of 554.
2, 277
What are the prime factors of 155?
5, 31
What are the prime factors of 139352?
2, 17419
What are the prime factors of 559?
13, 43
What are the prime factors of 113375?
5, 907
What are the prime factors of 43805?
5, 8761
List the prime factors of 20868.
2, 3, 37, 47
List the prime factors of 6996.
2, 3, 11, 53
List the prime factors of 5359.
23, 233
List the prime factors of 20120.
2, 5, 503
What are the prime factors of 26505?
3, 5, 19, 31
What are the prime factors of 2263?
31, 73
List the prime factors of 1144.
2, 11, 13
List the prime factors of 361.
19
List the prime factors of 1408.
2, 11
List the prime factors of 3804.
2, 3, 317
What are the prime factors of 46617?
3, 41, 379
What are the prime factors of 3570?
2, 3, 5, 7, 17
List the prime factors of 47178.
2, 3, 2621
What are the prime factors of 4166?
2, 2083
List the prime factors of 78319.
17, 271
What are the prime factors of 35720?
2, 5, 19, 47
List the prime factors of 58.
2, 29
List the prime factors of 1787.
1787
What are the prime factors of 109722?
2, 3, 18287
What are the prime factors of 2245?
5, 449
What are the prime factors of 7331?
7331
List the prime factors of 63682.
2, 17, 1873
List the prime factors of 16.
2
What are the prime factors of 433?
433
List the prime factors of 1551.
3, 11, 47
List the prime factors of 577.
577
What are the prime factors of 3719?
3719
What are the prime factors of 61?
61
What are the prime factors of 564?
2, 3, 47
List the prime factors of 60065.
5, 41, 293
What are the prime factors of 21293?
107, 199
What are the prime factors of 235?
5, 47
What are the prime factors of 1940?
2, 5, 97
What are the prime factors of 1001?
7, 11, 13
List the prime factors of 7320.
2, 3, 5, 61
What are the prime factors of 499?
499
What are the prime factors of 3155?
5, 631
What are the prime factors of 34001?
11, 281
What are the prime factors of 19062?
2, 3, 353
List the prime factors of 77282.
2, 17, 2273
List the prime factors of 1785.
3, 5, 7, 17
What are the prime factors of 908?
2, 227
List the prime factors of 5962.
2, 11, 271
What are the prime factors of 1257?
3, 419
What are the prime factors of 2193?
3, 17, 43
List the prime factors of 40176.
2, 3, 31
What are the prime factors of 23018?
2, 17, 677
What are the prime factors of 12147?
3, 4049
List the prime factors of 1151.
1151
What are the prime factors of 6223?
7, 127
What are the prime factors of 307?
307
List the prime factors of 28779.
3, 53, 181
What are the prime factors of 740?
2, 5, 37
List the prime factors of 24.
2, 3
What are the prime factors of 85?
5, 17
List the prime factors of 3319.
3319
What are the prime factors of 16838?
2, 8419
List the prime factors of 6901.
67, 103
What are the prime factors of 3583?
3583
List the prime factors of 10936.
2, 1367
List the prime factors of 1123.
1123
List the prime factors of 716.
2, 179
What are the prime factors of 2327?
13, 179
List the prime factors of 13874.
2, 7, 991
List the prime factors of 2187.
3
What are the prime factors of 174515?
5, 11, 19, 167
List the prime factors of 1531.
1531
What are the prime factors of 77081?
77081
List the prime factors of 61807.
19, 3253
List the prime factors of 336.
2, 3, 7
What are the prime factors of 378?
2, 3, 7
What are the prime factors of 1223?
1223
List the prime factors of 10700.
2, 5, 107
List the prime factors of 16581.
3, 5527
What are the prime factors of 78352?
2, 59, 83
What are the prime factors of 40273?
17, 23, 103
List the prime factors of 3706.
2, 17, 109
List the prime factors of 19181.
19181
What are the prime factors of 39959?
31, 1289
List the prime factors of 15008.
2, 7, 67
List the prime factors of 645.
3, 5, 43
List the prime factors of 170.
2, 5, 17
What are the prime factors of 16873?
47, 359
What are the prime factors of 6988?
2, 1747
List the prime factors of 14984.
2, 1873
What are the prime factors of 366?
2, 3, 61
What are the prime factors of 4248?
2, 3, 59
List the prime factors of 85286.
2, 42643
List the prime factors of 17295.
3, 5, 